{"id":291,"date":"2021-11-26T08:33:21","date_gmt":"2021-11-26T07:33:21","guid":{"rendered":"https:\/\/www.relai-smtp.com\/faq\/?page_id=291"},"modified":"2021-12-08T09:20:15","modified_gmt":"2021-12-08T08:20:15","slug":"prestashop","status":"publish","type":"page","link":"https:\/\/www.relai-smtp.com\/faq\/les-logiciels\/prestashop\/","title":{"rendered":"PrestaShop ( Prestashop )"},"content":{"rendered":"<p>Le but est de configurer PrestaShop pour qu&rsquo;il d\u00e9pose tous les mails sortants sur les serveurs relai-smtp qui se chargeront de la remise finale au destinataire. Voici les diff\u00e9rentes \u00e9tapes n\u00e9cessaires \u00e0 sa mise en place.<\/p>\n<h2>A &#8211; Configuration avec un compte smtp<\/h2>\n<h3>1 &#8211; Cr\u00e9er un compte smtp<\/h3>\n<p>Pour cr\u00e9er un <a href=\"https:\/\/www.relai-smtp.com\/faq\/mise_en_route_rapide\/relai-par-compte-smtp\/\" target=\"_blank\" rel=\"noopener noreferrer\"><em>compte smtp<\/em><\/a>, suivez les \u00e9tapes d\u00e9crites <a href=\"https:\/\/www.relai-smtp.com\/faq\/mise_en_route_rapide\/relai-par-compte-smtp\/\" target=\"_blank\" rel=\"noopener noreferrer\">ici<\/a> puis reprenez le cours de ce guide. Dans le cas pr\u00e9sent, nous avons cr\u00e9\u00e9 le compte <em>relai-smtp@mondomaine.fr<\/em> avec le mot de passe <em>motdepasse!<\/em><\/p>\n<h3>2 &#8211; Configurer PrestaShop<\/h3>\n<p>Dans le menu de gauche, cliquez sur <em>Param\u00e8tres Avanc\u00e9es<\/em> puis <em>Email<\/em> :<\/p>\n<p><img loading=\"lazy\" decoding=\"async\" class=\"alignnone size-full wp-image-304\" src=\"https:\/\/www.relai-smtp.com\/faq\/wp-content\/uploads\/2021\/11\/prestashop_email_relai-smtp.png\" alt=\"\" width=\"218\" height=\"293\" \/><\/p>\n<h3>3 &#8211; D\u00e9finir les serveurs de relai-smtp<\/h3>\n<p>Rendez-vous au pied de la page et indiquez que vous voulez d\u00e9finir vos propres param\u00e8tres SMTP ( car vous \u00eates un expert ou allez le devenir \u00e0 l&rsquo;issue de ce guide ! )<\/p>\n<p><img loading=\"lazy\" decoding=\"async\" class=\"alignnone size-full wp-image-309\" src=\"https:\/\/www.relai-smtp.com\/faq\/wp-content\/uploads\/2021\/11\/prestashop_email_relai-smtp_smtp.png\" alt=\"\" width=\"508\" height=\"113\" srcset=\"https:\/\/www.relai-smtp.com\/faq\/wp-content\/uploads\/2021\/11\/prestashop_email_relai-smtp_smtp.png 508w, https:\/\/www.relai-smtp.com\/faq\/wp-content\/uploads\/2021\/11\/prestashop_email_relai-smtp_smtp-300x67.png 300w\" sizes=\"auto, (max-width: 508px) 100vw, 508px\" \/><\/p>\n<p>Puis inspirez-vous de l&rsquo;image ci-dessous pour compl\u00e9ter la configuration :<\/p>\n<p><img loading=\"lazy\" decoding=\"async\" class=\"alignnone size-full wp-image-311\" src=\"https:\/\/www.relai-smtp.com\/faq\/wp-content\/uploads\/2021\/11\/prestashop_email_relai-smtp_ssl.png\" alt=\"\" width=\"869\" height=\"529\" srcset=\"https:\/\/www.relai-smtp.com\/faq\/wp-content\/uploads\/2021\/11\/prestashop_email_relai-smtp_ssl.png 869w, https:\/\/www.relai-smtp.com\/faq\/wp-content\/uploads\/2021\/11\/prestashop_email_relai-smtp_ssl-300x183.png 300w, https:\/\/www.relai-smtp.com\/faq\/wp-content\/uploads\/2021\/11\/prestashop_email_relai-smtp_ssl-768x468.png 768w\" sizes=\"auto, (max-width: 869px) 100vw, 869px\" \/><\/p>\n<p><em>Nom de domaine des e-mail<\/em> : <em>vide<\/em><br \/>\n<em>Serveur SMTP<\/em> : smtp.relai-smtp.net<br \/>\nUtilisateur SMTP : relai-smtp@mondomaine.fr (d\u00e9fini \u00e0 l&rsquo;\u00e9tape 1 ci-dessus)<br \/>\nMot de passe SMTP : motdepasse! (d\u00e9fini \u00e0 l&rsquo;\u00e9tape 1 ci-dessus)<br \/>\nChiffrement\u00a0 : SSL<br \/>\nPort : 465<\/p>\n<h3>4 &#8211; Envoyez un mail de test<\/h3>\n<p>Il est possible que votre h\u00e9bergeur limite les acc\u00e8s sortants. En cas d&rsquo;\u00e9chec de la configuration pr\u00e9c\u00e9dente, tentez de la modifier en utilisant les param\u00e8tres suivants :<\/p>\n<p>Chiffrement\u00a0 : TLS<br \/>\nPort : 587<\/p>\n<p><strong>ou<\/strong><\/p>\n<p>Chiffrement\u00a0 : Aucun<br \/>\nPort : 12525<\/p>\n<p><strong>ou<\/strong><\/p>\n<p>Chiffrement\u00a0 : Aucun<br \/>\nPort : 25<\/p>\n<h2>B &#8211; Configuration avec une adresse ip<\/h2>\n<h3>1 &#8211; Cr\u00e9er un relai par adresse ip<\/h3>\n<p>Pour cr\u00e9er un <a href=\"https:\/\/www.relai-smtp.com\/faq\/mise_en_route_rapide\/relai-par-adresse-ip\/\"><em>relai par adresse ip<\/em><\/a>, suivez les \u00e9tapes d\u00e9crites <a href=\"https:\/\/www.relai-smtp.com\/faq\/mise_en_route_rapide\/relai-par-adresse-ip\/\">ici<\/a> puis reprenez le cours de ce guide. Dans le cas pr\u00e9sent, nous utiliserons l&rsquo;adresse IP <em>1.2.3.4<\/em> et le nom de domaine <em>mondomaine.fr. <\/em><\/p>\n<h3>2 &#8211; Configurer PrestaShop<\/h3>\n<p>Dans le menu de gauche, cliquez sur <em>Param\u00e8tres Avanc\u00e9es<\/em> puis <em>Email<\/em> :<\/p>\n<p><img loading=\"lazy\" decoding=\"async\" class=\"alignnone size-full wp-image-304\" src=\"https:\/\/www.relai-smtp.com\/faq\/wp-content\/uploads\/2021\/11\/prestashop_email_relai-smtp.png\" alt=\"\" width=\"218\" height=\"293\" \/><\/p>\n<h3>3 &#8211; D\u00e9finir les serveurs de relai-smtp<\/h3>\n<p>Rendez-vous au pied de la page et indiquez que vous voulez d\u00e9finir vos propres param\u00e8tres SMTP ( car vous \u00eates un expert ou allez le devenir \u00e0 l&rsquo;issue de ce guide ! )<\/p>\n<p><img loading=\"lazy\" decoding=\"async\" class=\"alignnone size-full wp-image-309\" src=\"https:\/\/www.relai-smtp.com\/faq\/wp-content\/uploads\/2021\/11\/prestashop_email_relai-smtp_smtp.png\" alt=\"\" width=\"508\" height=\"113\" srcset=\"https:\/\/www.relai-smtp.com\/faq\/wp-content\/uploads\/2021\/11\/prestashop_email_relai-smtp_smtp.png 508w, https:\/\/www.relai-smtp.com\/faq\/wp-content\/uploads\/2021\/11\/prestashop_email_relai-smtp_smtp-300x67.png 300w\" sizes=\"auto, (max-width: 508px) 100vw, 508px\" \/><\/p>\n<p>Puis inspirez-vous de l&rsquo;image ci-dessous pour compl\u00e9ter la configuration :<\/p>\n<p><img loading=\"lazy\" decoding=\"async\" class=\"alignnone size-full wp-image-323\" src=\"https:\/\/www.relai-smtp.com\/faq\/wp-content\/uploads\/2021\/11\/prestashop_email_relai-smtp_25.png\" alt=\"\" width=\"895\" height=\"529\" srcset=\"https:\/\/www.relai-smtp.com\/faq\/wp-content\/uploads\/2021\/11\/prestashop_email_relai-smtp_25.png 895w, https:\/\/www.relai-smtp.com\/faq\/wp-content\/uploads\/2021\/11\/prestashop_email_relai-smtp_25-300x177.png 300w, https:\/\/www.relai-smtp.com\/faq\/wp-content\/uploads\/2021\/11\/prestashop_email_relai-smtp_25-768x454.png 768w\" sizes=\"auto, (max-width: 895px) 100vw, 895px\" \/><\/p>\n<p><em>Nom de domaine des e-mail<\/em> : <em>vide<br \/>\nServeur SMTP : smtp.relai-smtp.net<br \/>\nUtilisateur SMTP : vide<br \/>\nMot de passe SMTP : vide<br \/>\nChiffrement\u00a0 : Aucun<br \/>\nPort : 25<br \/>\n<\/em><\/p>\n<h3>4 &#8211; Envoyez un mail de test<\/h3>\n<p>Il est possible que votre h\u00e9bergeur limite les acc\u00e8s sortants. En cas d&rsquo;\u00e9chec de la configuration pr\u00e9c\u00e9dente, tentez de la modifier en utilisant les param\u00e8tres suivants :<\/p>\n<p>Chiffrement\u00a0 : Aucun<br \/>\nPort : 12525<\/p>\n<p><strong>ou<\/strong><\/p>\n<p>Chiffrement\u00a0 : TLS<br \/>\nPort : 587<\/p>\n<p><strong>ou<\/strong><\/p>\n<p>Chiffrement\u00a0 : SSL<br \/>\nPort : 465<\/p>\n<p>&nbsp;<\/p>\n<p>&nbsp;<\/p>\n","protected":false},"excerpt":{"rendered":"<p>Le but est de configurer PrestaShop pour qu&rsquo;il d\u00e9pose tous les mails sortants sur les serveurs relai-smtp qui se chargeront de la remise finale au destinataire. Voici les diff\u00e9rentes \u00e9tapes n\u00e9cessaires \u00e0 sa mise en place. A &#8211; Configuration avec un compte smtp 1 &#8211; Cr\u00e9er un compte smtp Pour cr\u00e9er un compte smtp, suivez [&hellip;]<\/p>\n","protected":false},"author":1,"featured_media":0,"parent":147,"menu_order":0,"comment_status":"closed","ping_status":"closed","template":"","meta":{"footnotes":""},"class_list":["post-291","page","type-page","status-publish","hentry"],"_links":{"self":[{"href":"https:\/\/www.relai-smtp.com\/faq\/wp-json\/wp\/v2\/pages\/291","targetHints":{"allow":["GET"]}}],"collection":[{"href":"https:\/\/www.relai-smtp.com\/faq\/wp-json\/wp\/v2\/pages"}],"about":[{"href":"https:\/\/www.relai-smtp.com\/faq\/wp-json\/wp\/v2\/types\/page"}],"author":[{"embeddable":true,"href":"https:\/\/www.relai-smtp.com\/faq\/wp-json\/wp\/v2\/users\/1"}],"replies":[{"embeddable":true,"href":"https:\/\/www.relai-smtp.com\/faq\/wp-json\/wp\/v2\/comments?post=291"}],"version-history":[{"count":35,"href":"https:\/\/www.relai-smtp.com\/faq\/wp-json\/wp\/v2\/pages\/291\/revisions"}],"predecessor-version":[{"id":336,"href":"https:\/\/www.relai-smtp.com\/faq\/wp-json\/wp\/v2\/pages\/291\/revisions\/336"}],"up":[{"embeddable":true,"href":"https:\/\/www.relai-smtp.com\/faq\/wp-json\/wp\/v2\/pages\/147"}],"wp:attachment":[{"href":"https:\/\/www.relai-smtp.com\/faq\/wp-json\/wp\/v2\/media?parent=291"}],"curies":[{"name":"wp","href":"https:\/\/api.w.org\/{rel}","templated":true}]}}