{"id":242,"date":"2019-02-28T21:00:47","date_gmt":"2019-02-28T20:00:47","guid":{"rendered":"https:\/\/www.relai-smtp.com\/faq\/?page_id=242"},"modified":"2020-10-16T09:52:45","modified_gmt":"2020-10-16T07:52:45","slug":"thunderbird-mozilla","status":"publish","type":"page","link":"https:\/\/www.relai-smtp.com\/faq\/les-logiciels\/thunderbird-mozilla\/","title":{"rendered":"Thunderbird (Mozilla)"},"content":{"rendered":"<p>Nous consid\u00e9rons que votre boite est d\u00e9j\u00e0 correctement configur\u00e9e pour pr\u00e9lever les mails chez votre prestataire actuel ( fournisseur d&rsquo;acc\u00e8s \u00e0 internet, Outlook, Google, etc&#8230;). Nous nous limiterons donc a \u00e9tudier comment faire relayer vos mails sortants en smtp par nos serveurs.<\/p>\n<p>Voici les diff\u00e9rentes \u00e9tapes n\u00e9cessaires \u00e0 la mise en place.<\/p>\n<h2>A &#8211; Configuration avec un compte smtp<\/h2>\n<p>&nbsp;<\/p>\n<h3>1 &#8211; Cr\u00e9er un compte smtp<\/h3>\n<p>Pour cr\u00e9er un <a href=\"https:\/\/www.relai-smtp.com\/faq\/mise_en_route_rapide\/relai-par-compte-smtp\/\" target=\"_blank\" rel=\"noopener noreferrer\"><em>compte smtp<\/em><\/a>, suivez les \u00e9tapes d\u00e9crites <a href=\"https:\/\/www.relai-smtp.com\/faq\/mise_en_route_rapide\/relai-par-compte-smtp\/\" target=\"_blank\" rel=\"noopener noreferrer\">ici<\/a> puis reprenez le cours de ce guide. Dans le cas pr\u00e9sent, nous avons cr\u00e9\u00e9 le compte <em>compte@domaine.com<\/em> avec le mot de passe <em>motdepasse!<\/em><\/p>\n<p>&nbsp;<\/p>\n<h3>2 &#8211; Si la barre de menu n&rsquo;est pas pr\u00e9sente, appuyez sur la touche \u00ab\u00a0Alt\u00a0\u00bb \u00e0 gauche de la barre d&rsquo;espace pour la faire apparaitre<\/h3>\n<p><img loading=\"lazy\" decoding=\"async\" class=\"alignnone size-full wp-image-246\" src=\"https:\/\/www.relai-smtp.com\/faq\/wp-content\/uploads\/2019\/02\/Thunderbird_mozilla_menu_outils.png\" alt=\"\" width=\"538\" height=\"86\" srcset=\"https:\/\/www.relai-smtp.com\/faq\/wp-content\/uploads\/2019\/02\/Thunderbird_mozilla_menu_outils.png 538w, https:\/\/www.relai-smtp.com\/faq\/wp-content\/uploads\/2019\/02\/Thunderbird_mozilla_menu_outils-300x48.png 300w\" sizes=\"auto, (max-width: 538px) 100vw, 538px\" \/><img loading=\"lazy\" decoding=\"async\" class=\"alignnone size-full wp-image-247\" src=\"https:\/\/www.relai-smtp.com\/faq\/wp-content\/uploads\/2019\/02\/Thunderbird_mozilla_menu_outils_touche_alt.png\" alt=\"\" width=\"334\" height=\"117\" srcset=\"https:\/\/www.relai-smtp.com\/faq\/wp-content\/uploads\/2019\/02\/Thunderbird_mozilla_menu_outils_touche_alt.png 334w, https:\/\/www.relai-smtp.com\/faq\/wp-content\/uploads\/2019\/02\/Thunderbird_mozilla_menu_outils_touche_alt-300x105.png 300w\" sizes=\"auto, (max-width: 334px) 100vw, 334px\" \/><\/p>\n<p>&nbsp;<\/p>\n<h3>2 &#8211; Cliquez sur le menu \u00ab\u00a0Outils\u00a0\u00bb<\/h3>\n<p><img loading=\"lazy\" decoding=\"async\" class=\"alignnone size-full wp-image-249\" src=\"https:\/\/www.relai-smtp.com\/faq\/wp-content\/uploads\/2019\/03\/Relai-smtp_Thunderbird_mozilla_menu_outils.png\" alt=\"\" width=\"540\" height=\"107\" srcset=\"https:\/\/www.relai-smtp.com\/faq\/wp-content\/uploads\/2019\/03\/Relai-smtp_Thunderbird_mozilla_menu_outils.png 540w, https:\/\/www.relai-smtp.com\/faq\/wp-content\/uploads\/2019\/03\/Relai-smtp_Thunderbird_mozilla_menu_outils-300x59.png 300w\" sizes=\"auto, (max-width: 540px) 100vw, 540px\" \/><\/p>\n<p>&nbsp;<\/p>\n<h3>3 &#8211; S\u00e9lectionnez \u00ab\u00a0Param\u00e8tres des comptes\u00a0\u00bb<strong><br \/>\n<\/strong><\/h3>\n<p><img loading=\"lazy\" decoding=\"async\" class=\"alignnone size-full wp-image-251\" src=\"https:\/\/www.relai-smtp.com\/faq\/wp-content\/uploads\/2019\/03\/Relai-smtp_Thunderbird_mozilla_menu_parametres_des_comptes.png\" alt=\"\" width=\"325\" height=\"491\" srcset=\"https:\/\/www.relai-smtp.com\/faq\/wp-content\/uploads\/2019\/03\/Relai-smtp_Thunderbird_mozilla_menu_parametres_des_comptes.png 325w, https:\/\/www.relai-smtp.com\/faq\/wp-content\/uploads\/2019\/03\/Relai-smtp_Thunderbird_mozilla_menu_parametres_des_comptes-199x300.png 199w\" sizes=\"auto, (max-width: 325px) 100vw, 325px\" \/><\/p>\n<p>&nbsp;<\/p>\n<h3>4 &#8211; Cliquez sur \u00ab\u00a0Serveur sortant (smtp)\u00a0\u00bb puis sur le bouton \u00ab\u00a0Ajouter\u00a0\u00bb<\/h3>\n<p><img loading=\"lazy\" decoding=\"async\" class=\"alignnone size-full wp-image-253\" src=\"https:\/\/www.relai-smtp.com\/faq\/wp-content\/uploads\/2019\/03\/Relai-smtp.com_thunderbird_mozilla_parametre_des_comptes.png\" alt=\"\" width=\"849\" height=\"636\" srcset=\"https:\/\/www.relai-smtp.com\/faq\/wp-content\/uploads\/2019\/03\/Relai-smtp.com_thunderbird_mozilla_parametre_des_comptes.png 849w, https:\/\/www.relai-smtp.com\/faq\/wp-content\/uploads\/2019\/03\/Relai-smtp.com_thunderbird_mozilla_parametre_des_comptes-300x225.png 300w, https:\/\/www.relai-smtp.com\/faq\/wp-content\/uploads\/2019\/03\/Relai-smtp.com_thunderbird_mozilla_parametre_des_comptes-768x575.png 768w\" sizes=\"auto, (max-width: 849px) 100vw, 849px\" \/><\/p>\n<p>&nbsp;<\/p>\n<h3>5 &#8211; Compl\u00e9tez le formulaire en vous inspirant de l&rsquo;image ci-dessous<\/h3>\n<p><img loading=\"lazy\" decoding=\"async\" class=\"alignnone size-full wp-image-286\" src=\"https:\/\/www.relai-smtp.com\/faq\/wp-content\/uploads\/2020\/10\/Relai-smtp.com_thunderbird_mozilla_serveur_smtp_net.png\" alt=\"\" width=\"453\" height=\"309\" srcset=\"https:\/\/www.relai-smtp.com\/faq\/wp-content\/uploads\/2020\/10\/Relai-smtp.com_thunderbird_mozilla_serveur_smtp_net.png 453w, https:\/\/www.relai-smtp.com\/faq\/wp-content\/uploads\/2020\/10\/Relai-smtp.com_thunderbird_mozilla_serveur_smtp_net-300x205.png 300w, https:\/\/www.relai-smtp.com\/faq\/wp-content\/uploads\/2020\/10\/Relai-smtp.com_thunderbird_mozilla_serveur_smtp_net-90x60.png 90w, https:\/\/www.relai-smtp.com\/faq\/wp-content\/uploads\/2020\/10\/Relai-smtp.com_thunderbird_mozilla_serveur_smtp_net-250x170.png 250w\" sizes=\"auto, (max-width: 453px) 100vw, 453px\" \/><\/p>\n<p><em>Nom du serveur :<\/em><\/p>\n<p>Indiquez smtp.relai-smtp.net<\/p>\n<p><em>Port :<\/em><br \/>\n&#8211; Indiquez 25 qui est le port par d\u00e9faut de protocole smtp. Si vous fournisseur d&rsquo;acc\u00e8s bloque ce port, nous mettons \u00e0 votre disposition le port 12525.<br \/>\n&#8211; Si vous souhaitez crypter les communication entre vous et nos serveurs, choisissez le port 587 si vous souhaitez utiliser TLS et 465 si vous utiliser SSL.<\/p>\n<p><em>Nom d&rsquo;utilisateur :<\/em><\/p>\n<p>Indiquez le compte que vous avez cr\u00e9\u00e9 lors de l&rsquo;\u00e9tape 1.<\/p>\n<p>&nbsp;<\/p>\n<h3>6 &#8211; Cliquez sur votre boite aux lettres dans la liste de gauche et choisissez dans la liste la configuration que nous venons de mettre en place<\/h3>\n<p><img loading=\"lazy\" decoding=\"async\" class=\"alignnone size-full wp-image-288\" src=\"https:\/\/www.relai-smtp.com\/faq\/wp-content\/uploads\/2020\/10\/Relai-smtp_Thunderbird_mozilla_menu_parametres_des_comptes_courrier_et_groupes_net.png\" alt=\"\" width=\"831\" height=\"618\" srcset=\"https:\/\/www.relai-smtp.com\/faq\/wp-content\/uploads\/2020\/10\/Relai-smtp_Thunderbird_mozilla_menu_parametres_des_comptes_courrier_et_groupes_net.png 831w, https:\/\/www.relai-smtp.com\/faq\/wp-content\/uploads\/2020\/10\/Relai-smtp_Thunderbird_mozilla_menu_parametres_des_comptes_courrier_et_groupes_net-300x223.png 300w, https:\/\/www.relai-smtp.com\/faq\/wp-content\/uploads\/2020\/10\/Relai-smtp_Thunderbird_mozilla_menu_parametres_des_comptes_courrier_et_groupes_net-768x571.png 768w\" sizes=\"auto, (max-width: 831px) 100vw, 831px\" \/><\/p>\n<p>&nbsp;<\/p>\n<h3>F\u00e9licitations, votre configuration est en place. Vous pouvez faire relayer vos mails par nos serveurs.<\/h3>\n<p>&nbsp;<\/p>\n<p>&nbsp;<\/p>\n<p>&nbsp;<\/p>\n<p>&nbsp;<\/p>\n<p>&nbsp;<\/p>\n<p>&nbsp;<\/p>\n<p>&nbsp;<\/p>\n","protected":false},"excerpt":{"rendered":"<p>Nous consid\u00e9rons que votre boite est d\u00e9j\u00e0 correctement configur\u00e9e pour pr\u00e9lever les mails chez votre prestataire actuel ( fournisseur d&rsquo;acc\u00e8s \u00e0 internet, Outlook, Google, etc&#8230;). Nous nous limiterons donc a \u00e9tudier comment faire relayer vos mails sortants en smtp par nos serveurs. Voici les diff\u00e9rentes \u00e9tapes n\u00e9cessaires \u00e0 la mise en place. A &#8211; Configuration [&hellip;]<\/p>\n","protected":false},"author":1,"featured_media":0,"parent":147,"menu_order":0,"comment_status":"closed","ping_status":"closed","template":"","meta":{"footnotes":""},"class_list":["post-242","page","type-page","status-publish","hentry"],"_links":{"self":[{"href":"https:\/\/www.relai-smtp.com\/faq\/wp-json\/wp\/v2\/pages\/242","targetHints":{"allow":["GET"]}}],"collection":[{"href":"https:\/\/www.relai-smtp.com\/faq\/wp-json\/wp\/v2\/pages"}],"about":[{"href":"https:\/\/www.relai-smtp.com\/faq\/wp-json\/wp\/v2\/types\/page"}],"author":[{"embeddable":true,"href":"https:\/\/www.relai-smtp.com\/faq\/wp-json\/wp\/v2\/users\/1"}],"replies":[{"embeddable":true,"href":"https:\/\/www.relai-smtp.com\/faq\/wp-json\/wp\/v2\/comments?post=242"}],"version-history":[{"count":15,"href":"https:\/\/www.relai-smtp.com\/faq\/wp-json\/wp\/v2\/pages\/242\/revisions"}],"predecessor-version":[{"id":289,"href":"https:\/\/www.relai-smtp.com\/faq\/wp-json\/wp\/v2\/pages\/242\/revisions\/289"}],"up":[{"embeddable":true,"href":"https:\/\/www.relai-smtp.com\/faq\/wp-json\/wp\/v2\/pages\/147"}],"wp:attachment":[{"href":"https:\/\/www.relai-smtp.com\/faq\/wp-json\/wp\/v2\/media?parent=242"}],"curies":[{"name":"wp","href":"https:\/\/api.w.org\/{rel}","templated":true}]}}