{"id":104,"date":"2018-12-18T14:28:15","date_gmt":"2018-12-18T13:28:15","guid":{"rendered":"https:\/\/www.relai-smtp.com\/faq\/?page_id=104"},"modified":"2019-01-01T13:06:28","modified_gmt":"2019-01-01T12:06:28","slug":"relai-par-compte-smtp","status":"publish","type":"page","link":"https:\/\/www.relai-smtp.com\/faq\/mise_en_route_rapide\/relai-par-compte-smtp\/","title":{"rendered":"Relai par compte smtp"},"content":{"rendered":"<p style=\"text-align: justify;\">Le <strong>Relai par authentification<\/strong> permet l&rsquo;envoi de vos mails apr\u00e8s vous \u00eates authentifi\u00e9 sur nos serveurs. C&rsquo;est le mode de relai que nous privil\u00e9gions. Voici les diff\u00e9rentes \u00e9tapes n\u00e9cessaires \u00e0 sa mise en place.<\/p>\n<h3>1 &#8211; Connectez-vous \u00e0 la <a href=\"https:\/\/client.domwest.com\/\">zone client<\/a> \u00e0 l&rsquo;aide de vos identifiants<\/h3>\n<p><img loading=\"lazy\" decoding=\"async\" class=\"aligncenter wp-image-111 size-full\" src=\"https:\/\/www.relai-smtp.com\/faq\/wp-content\/uploads\/2018\/12\/Relai-Smtp.com-Zone-clients-Acc\u00e8s-r\u00e8glement\u00e9.png\" alt=\"\" width=\"300\" height=\"417\" srcset=\"https:\/\/www.relai-smtp.com\/faq\/wp-content\/uploads\/2018\/12\/Relai-Smtp.com-Zone-clients-Acc\u00e8s-r\u00e8glement\u00e9.png 300w, https:\/\/www.relai-smtp.com\/faq\/wp-content\/uploads\/2018\/12\/Relai-Smtp.com-Zone-clients-Acc\u00e8s-r\u00e8glement\u00e9-216x300.png 216w\" sizes=\"auto, (max-width: 300px) 100vw, 300px\" \/><\/p>\n<h3>2 &#8211; Cliquez sur le menu \u00ab\u00a0Mes relais\u00a0\u00bb<\/h3>\n<h3><img loading=\"lazy\" decoding=\"async\" class=\"size-full wp-image-113 aligncenter\" src=\"https:\/\/www.relai-smtp.com\/faq\/wp-content\/uploads\/2018\/12\/Relai-Smtp.com-Zone-client-Menu-relai.png\" alt=\"\" width=\"255\" height=\"127\" \/><\/h3>\n<h3>3 &#8211; Cliquez sur le menu \u00ab\u00a0Comptes Smtp\u00a0\u00bb<\/h3>\n<h3><img loading=\"lazy\" decoding=\"async\" class=\"size-full wp-image-115 aligncenter\" src=\"https:\/\/www.relai-smtp.com\/faq\/wp-content\/uploads\/2018\/12\/Relai-Smtp.com-Zone-client-Compte-smtp.png\" alt=\"\" width=\"247\" height=\"149\" \/><\/h3>\n<h3>4 &#8211; Cliquez sur \u00ab\u00a0Ajouter\u00a0\u00bb<\/h3>\n<p><img loading=\"lazy\" decoding=\"async\" class=\"wp-image-118 size-full alignnone\" src=\"https:\/\/www.relai-smtp.com\/faq\/wp-content\/uploads\/2018\/12\/Relai-Smtp.com-Zone-client-Compte-smtp-Ajouter.png\" alt=\"\" width=\"876\" height=\"234\" srcset=\"https:\/\/www.relai-smtp.com\/faq\/wp-content\/uploads\/2018\/12\/Relai-Smtp.com-Zone-client-Compte-smtp-Ajouter.png 876w, https:\/\/www.relai-smtp.com\/faq\/wp-content\/uploads\/2018\/12\/Relai-Smtp.com-Zone-client-Compte-smtp-Ajouter-300x80.png 300w, https:\/\/www.relai-smtp.com\/faq\/wp-content\/uploads\/2018\/12\/Relai-Smtp.com-Zone-client-Compte-smtp-Ajouter-768x205.png 768w\" sizes=\"auto, (max-width: 876px) 100vw, 876px\" \/><\/p>\n<h3>5 &#8211; Indiquez l&rsquo;adresse mail, le mot de passe et le profil du compte que vous souhaitez cr\u00e9er<\/h3>\n<p><img loading=\"lazy\" decoding=\"async\" class=\"wp-image-121 size-full aligncenter\" src=\"https:\/\/www.relai-smtp.com\/faq\/wp-content\/uploads\/2018\/12\/Relai-Smtp.com-Zone-client-Compte-smtp-Formulaire.png\" alt=\"\" width=\"451\" height=\"428\" srcset=\"https:\/\/www.relai-smtp.com\/faq\/wp-content\/uploads\/2018\/12\/Relai-Smtp.com-Zone-client-Compte-smtp-Formulaire.png 451w, https:\/\/www.relai-smtp.com\/faq\/wp-content\/uploads\/2018\/12\/Relai-Smtp.com-Zone-client-Compte-smtp-Formulaire-300x285.png 300w\" sizes=\"auto, (max-width: 451px) 100vw, 451px\" \/><\/p>\n<p><strong>Explications :<\/strong><\/p>\n<p>Imaginons que l&rsquo;adresse mail que vous indiquez soit \u00ab\u00a0smtp@exemple.com\u00a0\u00bb. Nos serveurs accepterons les mails dont l&rsquo;exp\u00e9diteur est moi@exemple.com, contact@exemple.com ou compta@exemple.com.<\/p>\n<p>Les mails non rattach\u00e9s au nom de domaine \u00ab\u00a0exemple.com\u00a0\u00bb seront refoul\u00e9s. Par exemple, smtp@masociete.com ne pourra \u00eatre relay\u00e9 par nos serveurs.<\/p>\n<p>Ces mesures sont mises en place pour lutter contre le spam au cas o\u00f9 vous seriez infect\u00e9 par un virus. La lutte antispam nous permet de vous garantir un taux de remise \u00e9lev\u00e9 aupr\u00e8s de vos destinataires. Il est donc dans l\u2019int\u00e9r\u00eat de tous de tout mettre en \u0153uvre pour lutter contre ce fl\u00e9au.<\/p>\n<p>Si vous configurez un relai par <em>compte smtp<\/em> comme indiqu\u00e9 ci-dessus, <strong><span style=\"text-decoration: underline;\">vous n&rsquo;avez pas<\/span><\/strong> \u00e0 d\u00e9finir un relai par <a href=\"https:\/\/www.relai-smtp.com\/faq\/mise_en_route_rapide\/relai-par-adresse-ip\/\"><em>adresse ip<\/em><\/a> pour la m\u00eame connexion. C&rsquo;est, soit l&rsquo;un, soit l&rsquo;autre, mais pas les deux en m\u00eame temps.<\/p>\n<p>&nbsp;<\/p>\n<p>&nbsp;<\/p>\n<p>&nbsp;<\/p>\n<p>&nbsp;<\/p>\n<p>&nbsp;<\/p>\n<p>&nbsp;<\/p>\n<p>&nbsp;<\/p>\n<p>&nbsp;<\/p>\n<p>&nbsp;<\/p>\n<p>&nbsp;<\/p>\n","protected":false},"excerpt":{"rendered":"<p>Le Relai par authentification permet l&rsquo;envoi de vos mails apr\u00e8s vous \u00eates authentifi\u00e9 sur nos serveurs. C&rsquo;est le mode de relai que nous privil\u00e9gions. Voici les diff\u00e9rentes \u00e9tapes n\u00e9cessaires \u00e0 sa mise en place. 1 &#8211; Connectez-vous \u00e0 la zone client \u00e0 l&rsquo;aide de vos identifiants 2 &#8211; Cliquez sur le menu \u00ab\u00a0Mes relais\u00a0\u00bb 3 [&hellip;]<\/p>\n","protected":false},"author":1,"featured_media":0,"parent":12,"menu_order":0,"comment_status":"closed","ping_status":"closed","template":"","meta":{"footnotes":""},"class_list":["post-104","page","type-page","status-publish","hentry"],"_links":{"self":[{"href":"https:\/\/www.relai-smtp.com\/faq\/wp-json\/wp\/v2\/pages\/104","targetHints":{"allow":["GET"]}}],"collection":[{"href":"https:\/\/www.relai-smtp.com\/faq\/wp-json\/wp\/v2\/pages"}],"about":[{"href":"https:\/\/www.relai-smtp.com\/faq\/wp-json\/wp\/v2\/types\/page"}],"author":[{"embeddable":true,"href":"https:\/\/www.relai-smtp.com\/faq\/wp-json\/wp\/v2\/users\/1"}],"replies":[{"embeddable":true,"href":"https:\/\/www.relai-smtp.com\/faq\/wp-json\/wp\/v2\/comments?post=104"}],"version-history":[{"count":13,"href":"https:\/\/www.relai-smtp.com\/faq\/wp-json\/wp\/v2\/pages\/104\/revisions"}],"predecessor-version":[{"id":146,"href":"https:\/\/www.relai-smtp.com\/faq\/wp-json\/wp\/v2\/pages\/104\/revisions\/146"}],"up":[{"embeddable":true,"href":"https:\/\/www.relai-smtp.com\/faq\/wp-json\/wp\/v2\/pages\/12"}],"wp:attachment":[{"href":"https:\/\/www.relai-smtp.com\/faq\/wp-json\/wp\/v2\/media?parent=104"}],"curies":[{"name":"wp","href":"https:\/\/api.w.org\/{rel}","templated":true}]}}